ue
Is 223 a factor of 176250?
False
Is 97043 a multiple of 85?
False
Is 29 a factor of 42050?
True
Does 106 divide 346439?
False
Is 44 a factor of 120288?
False
Does 30 divide 1813258?
False
Does 256 divide 4665?
False
Is 4 a factor of 523761?
False
Does 804 divide 1132032?
True
Is 29 a factor of 116725?
True
Does 10 divide 78884?
False
Is 134190 a multiple of 42?
True
Is 13736 a multiple of 8?
True
Does 29 divide 1418820?
False
Does 26 divide 262652?
True
Does 130 divide 2258620?
True
Is 258547 a multiple of 163?
False
Is 387 a factor of 4071627?
True
Is 1221248 a multiple of 112?
True
Is 4 a factor of 85032?
True
Is 11 a factor of 1086057?
False
Is 11 a factor of 53383?
True
Is 1418916 a multiple of 12?
True
Is 1420770 a multiple of 65?
True
Does 164 divide 15252?
True
Is 14 a factor of 15130780?
True
Is 105 a factor of 49770?
True
Is 14083582 a multiple of 83?
False
Does 22 divide 58102?
True
Is 21 a factor of 358344?
True
Is 10 a factor of 240244?
False
Is 3343780 a multiple of 110?
True
Does 3 divide 8227?
False
Does 11 divide 224378?
True
Is 45 a factor of 5945699?
False
Is 16 a factor of 929861?
False
Does 4 divide 110818?
False
Does 30 divide 2979765?
False
Is 6 a factor of 21836?
False
Is 17 a factor of 395511?
False
Does 13 divide 6650741?
False
Is 1185 a factor of 2372239?
False
Is 46 a factor of 4459930?
True
Does 251 divide 668813?
False
Is 60338 a multiple of 56?
False
Is 534248 a multiple of 237?
False
Does 13 divide 1864?
False
Is 10 a factor of 738204?
False
Is 35961177 a multiple of 21?
True
Is 15416 a multiple of 34?
False
Does 33 divide 313302?
True
Does 30 divide 833228?
False
Is 661 a factor of 319044?
False
Does 196 divide 10743740?
True
Is 24 a factor of 43632?
True
Does 544 divide 98949?
False
Is 22 a factor of 9607775?
False
Is 15014822 a multiple of 37?
True
Does 19 divide 3490414?
True
Is 195 a factor of 24934778?
False
Does 24 divide 177808?
False
Does 97 divide 626736?
False
Is 105690 a multiple of 15?
True
Is 82 a factor of 687406?
True
Is 6 a factor of 102480?
True
Is 51207 a multiple of 39?
True
Does 13 divide 3085736?
False
Is 55 a factor of 18032?
False
Does 11 divide 100442?
False
Is 48 a factor of 486295?
False
Is 24245 a multiple of 185?
False
Does 31 divide 15678?
False
Does 3 divide 292092?
True
Is 26005 a multiple of 13?
False
Is 2083200 a multiple of 384?
True
Is 2705885 a multiple of 19?
True
Is 335419 a multiple of 7?
True
Is 190 a factor of 466830?
True
Does 59 divide 3812049?
True
Is 7 a factor of 461131?
False
Does 7 divide 128622?
False
Does 65 divide 26260?
True
Does 977 divide 2797151?
True
Is 432 a factor of 3898368?
True
Does 322 divide 461863?
False
Does 370 divide 6221274?
False
Is 1300792 a multiple of 8?
True
Does 229 divide 6131017?
True
Does 304 divide 120992?
True
Is 642 a factor of 4241694?
True
Is 7 a factor of 67470?
False
Is 93868 a multiple of 4?
True
Does 100 divide 216365?
False
Does 32 divide 3609360?
False
Does 4 divide 418011?
False
Does 8 divide 826216?
True
Does 966 divide 1040419?
False
Is 56 a factor of 1077440?
True
Does 41 divide 10675011?
False
Is 159840 a multiple of 29?
False
Does 20 divide 16521327?
False
Does 38 divide 4936124?
True
Does 7 divide 388710?
True
Is 2055149 a multiple of 99?
False
Does 539 divide 407484?
True
Is 16790193 a multiple of 259?
True
Does 5 divide 963114?
False
Does 14 divide 5717?
False
Does 5 divide 13600?
True
Does 9 divide 432266?
False
Does 2252 divide 16031234?
False
Is 493936 a multiple of 16?
True
Is 316236 a multiple of 12?
True
Is 66 a factor of 18308928?
True
Is 23 a factor of 10168496?
False
Is 498 a factor of 3575142?
True
Is 44 a factor of 584789?
False
Is 64 a factor of 515968?
True
Is 254422 a multiple of 14?
True
Is 8562888 a multiple of 24?
True
Does 291 divide 26685?
False
Is 98 a factor of 4551218?
True
Is 19071059 a multiple of 731?
True
Does 53 divide 1473379?
False
Is 68 a factor of 10370136?
True
Is 349389 a multiple of 17?
False
Does 13 divide 646359?
False
Is 443 a factor of 821322?
True
Is 173 a factor of 9885393?
True
Is 28 a factor of 556584?
True
Does 18 divide 138397?
False
Does 702 divide 873288?
True
Is 14 a factor of 487865?
False
Does 383 divide 391167?
False
Is 16182 a multiple of 93?
True
Does 9 divide 5869422?
True
Does 23 divide 99452?
True
Does 16 divide 471401?
False
Is 88572 a multiple of 4?
True
Does 3 divide 1287102?
True
Does 2 divide 267612?
True
Is 52 a factor of 8424?
True
Is 30953 even?
False
Does 81 divide 569783?
False
Is 364 a factor of 192556?
True
Is 32 a factor of 614368?
True
Is 202 a factor of 3148776?
True
Is 1869784 a multiple of 56?
True
Is 157 a factor of 59313?
False
Is 2784860 a multiple of 16?
False
Is 444024 a multiple of 7?
True
Is 1393645 a multiple of 12?
False
Is 13517 a multiple of 45?
False
Is 32508 a multiple of 63?
True
Is 12 a factor of 7044852?
True
Is 770880 a multiple of 292?
True
Is 36906 a multiple of 85?
False
Does 91 divide 149201?
False
Does 316 divide 910114?
False
Is 892154 a multiple of 58?
False
Is 242 a factor of 96074?
True
Does 625 divide 1756008?
False
Is 1947949 a multiple of 85?
False
Does 105 divide 117494?
False
Is 4670022 a multiple of 14?
True
Does 10 divide 4514015?
False
Is 5011026 a multiple of 61?
False
Does 116 divide 2727485?
False
Is 474129 a multiple of 139?
True
Does 64 divide 225204?
False
Is 261 a factor of 7732386?
True
Is 33 a factor of 2486224?
False
Is 87 a factor of 76734?
True
Is 975342 a multiple of 139?
False
Is 39 a factor of 9616074?
True
Is 58 a factor of 47978?
False
Is 54523 a multiple of 30?
False
Is 147 a factor of 6250433?
False
Is 385480 a multiple of 46?
True
Does 737 divide 178354?
True
Is 10192428 a multiple of 725?
False
Does 935 divide 8320717?
False
Is 5 a factor of 24823?
False
Is 104 a factor of 115752?
True
Is 16 a factor of 64521?
False
Is 243 a factor of 9037411?
False
Is 3640146 a multiple of 8?
False
Is 21 a factor of 1728684?
False
Is 57 a factor of 8270757?
True
Is 15 a factor of 2599980?
True
Does 36 divide 248158?
False
Is 116340 a multiple of 420?
True
Is 291 a factor of 449589?
False
Does 305 divide 2923425?
True
Does 10 divide 1416346?
False
Is 19 a factor of 65804?
False
Is 50 a factor of 541700?
True
Is 9421200 a multiple of 45?
True
Does 70 divide 716240?
True
Does 39 divide 7761?
True
Does 151 divide 57523?
False
Is 67 a factor of 73365?
True
Does 172 divide 3272407?
False
Does 659 divide 2935845?
True
Is 1014951 a multiple of 21?
True
Is 5 a factor of 554397?
False
Is 29540 a multiple of 35?
True
Is 17 a factor of 109463?
True
Is 55872 a multiple of 27?
False
Is 7661056 a multiple of 165?
False
Is 11736360 a multiple of 135?
True
Is 55 a factor of 339127?
False
Is 1783280 a multiple of 147?
False
Is 357190 a multiple of 5?
True
Does 617 divide 8690458?
False
Does 86 divide 456577?
False
Does 735 divide 3808035?
True
Does 1628 divide 13694736?
True
Does 152 divide 23795793?
False
Is 1079645 a multiple of 242?
False
Does 67 divide 32042?
False
Is 81 a factor of 5003046?
True
Is 35638 a multiple of 206?
True
Is 144845 a multiple of 25?
False
Does 955 divide 556765?
True
Is 3324695 a multiple of 11?
True
Does 296 divide 16350744?
True
Is 323185 a multiple of 46?
False
Is 342753 a multiple of 591?
False
Does 24 divide 354576?
True
Is 23 a factor of 9383195?
True
Does 16 divide 10928459?
False
Is 14 a factor of 7546?
True
Is 324 a factor of 288036?
True
Does 39 divide 149193?
False
Does 11 divide 2470297?
False
Does 35 divide 1680035?
True
Is 280415 a multiple of 85?
True
Is 642178 a multiple of 80?
False
Is 22139 a multiple of 28?
False
Does 16 divide 17256975?
False
Is 14 a factor of 714741?
False
Is 617853 a multiple of 13?
False
Does 36 divide 235082?
False
Does 124 divide 12297?
False
Does 52 divide 95264?
True
Does 93 divide 302318?
False
Is 22 a factor of 135170?
False
Does 6 divide 61044?
True
Does 67 divide 1178530?
True
Does 36 divide 249768?
True
Is 7 a factor of 72621?
False
Is 24909 a multiple of 178?
False
Is 18 a factor of 20440?
False
Is 4432162 a multiple of 162?
False
Is 41732 a multiple of 5?
False
Does 25 divide 960357?
False
Is 2 a factor of 5077563?
False
Is 1396400 a multiple of 8?
True
Is 78242 a multiple of 47?
False
Does 601 divide 849213?
True
Is 617 a factor of 1812375